{"id":670,"date":"2023-11-16T16:20:01","date_gmt":"2023-11-16T19:20:01","guid":{"rendered":"https:\/\/cientificaaxon.com\/?post_type=product&#038;p=670"},"modified":"2023-11-23T16:34:41","modified_gmt":"2023-11-23T19:34:41","slug":"armazon-p-mopa-100cm","status":"publish","type":"product","link":"https:\/\/cientificaaxon.com\/index.php\/producto\/armazon-p-mopa-100cm\/","title":{"rendered":"Armazon p\/mopa 100cm"},"content":{"rendered":"<p>Armaz\u00f3n para sost\u00e9n de mopa seca.<\/p>\n<p>Fabricado en acero con sujeci\u00f3n de pl\u00e1stico.<\/p>\n<p>Movimiento universal y anclaje para todo tipo de mangos.<br \/>\nMedida tipo americana 15cm ancho por el largo de la descripcion.<\/p>\n<p>&nbsp;<\/p>\n","protected":false},"excerpt":{"rendered":"<p>Armaz\u00f3n para sost\u00e9n de mopa seca. Fabricado en acero con sujeci\u00f3n de pl\u00e1stico. Movimiento universal y anclaje para todo tipo de mangos. Medida tipo americana 15cm ancho por el largo de la descripcion. &nbsp;<\/p>\n","protected":false},"featured_media":1216,"template":"","meta":{"_joinchat":[]},"product_brand":[],"product_cat":[31,32],"product_tag":[118,119],"class_list":{"0":"post-670","1":"product","2":"type-product","3":"status-publish","4":"has-post-thumbnail","6":"product_cat-herramientas-profesionales","7":"product_cat-mopa-para-barrido","8":"product_tag-armazon","9":"product_tag-esqueleto","11":"first","12":"instock","13":"shipping-taxable","14":"product-type-simple"},"_links":{"self":[{"href":"https:\/\/cientificaaxon.com\/index.php\/wp-json\/wp\/v2\/product\/670","targetHints":{"allow":["GET"]}}],"collection":[{"href":"https:\/\/cientificaaxon.com\/index.php\/wp-json\/wp\/v2\/product"}],"about":[{"href":"https:\/\/cientificaaxon.com\/index.php\/wp-json\/wp\/v2\/types\/product"}],"version-history":[{"count":0,"href":"https:\/\/cientificaaxon.com\/index.php\/wp-json\/wp\/v2\/product\/670\/revisions"}],"wp:featuredmedia":[{"embeddable":true,"href":"https:\/\/cientificaaxon.com\/index.php\/wp-json\/wp\/v2\/media\/1216"}],"wp:attachment":[{"href":"https:\/\/cientificaaxon.com\/index.php\/wp-json\/wp\/v2\/media?parent=670"}],"wp:term":[{"taxonomy":"product_brand","embeddable":true,"href":"https:\/\/cientificaaxon.com\/index.php\/wp-json\/wp\/v2\/product_brand?post=670"},{"taxonomy":"product_cat","embeddable":true,"href":"https:\/\/cientificaaxon.com\/index.php\/wp-json\/wp\/v2\/product_cat?post=670"},{"taxonomy":"product_tag","embeddable":true,"href":"https:\/\/cientificaaxon.com\/index.php\/wp-json\/wp\/v2\/product_tag?post=670"}],"curies":[{"name":"wp","href":"https:\/\/api.w.org\/{rel}","templated":true}]}}